
Let c = 38 - 26. Let v be 8/c + (-32)/(-6). Suppose -v = -2*z - 0*z. What is the highest common divisor of 3 and z?
3
Suppose 2*b = 2*f - 30, 4*b = -2*f - 31 - 23. Let o be (16/b)/(-4)*7. Calculate the greatest common divisor of o and 6.
2
Let c(w) = 2*w + 20. Let x be c(-9). Suppose -l + x*l - 4*u - 84 = 0, 81 = l - 5*u. What is the highest common divisor of l and 12?
12
Let l = -476 + 534. Calculate the greatest common factor of 783 and l.
29
Let t = 9 - -51. Suppose -24*a = -7602 - 5358. What is the highest common divisor of t and a?
60
Let a be 12 - 6/24*28. What is the highest common factor of a and 155?
5
Let p(w) = 3*w**2 - 3*w + 10. Let s be p(-10). Calculate the greatest common divisor of s and 20.
20
Let d = 25 - 55. Let s be (-18)/d + (-472)/(-5). Let g = -67 + s. What is the highest common divisor of g and 14?
14
Let a = 159 - 149. Calculate the greatest common factor of 40 and a.
10
Let t(g) = g**2 + 14*g - 89. Let l be t(-20). Calculate the highest common factor of l and 31.
31
Let u be (3/2)/(5 + (-334)/68). Let l be (-60)/(-2) + 8/2. Calculate the greatest common divisor of l and u.
17
Let v(l) = -6*l + 36. Let c be v(-5). Calculate the highest common divisor of c and 396.
66
Let w be (3 - 4) + (7 - (0 + 0)). Let d be w/(-30) - 43/10*-14. What is the greatest common divisor of d and 12?
12
Let r be 0*((-2)/(-4))/((-16)/16). Let h(x) = -15*x - 1. Let a be h(-1). Let v be r + 54 + -12 + a. Calculate the highest common divisor of 14 and v.
14
Suppose 2*f - 4*k - 2 = 2, 3*f + 2*k - 22 = 0. What is the highest common divisor of 2 and f?
2
Let v(n) = n**2 + 28*n + 141. Let d be v(-24). Suppose 4*o = 5*f + 31, 0*f = o + f - 10. Calculate the greatest common divisor of o and d.
9
Let t be 5/(5/(-3)) + 10. Let j(x) = 3*x + 3. Let z be j(8). Let d be (4/6)/(18/z). Calculate the greatest common factor of d and t.
1
Let j(c) = -c**2 + 12*c + 12. Let i be j(10). Let f be 1*(-6 - -5) - -17. What is the greatest common divisor of f and i?
16
Let y(v) = -6*v - 9. Let x(p) = p + 1. Let f(i) = -2*x(i) + y(i). Let c be f(-6). What is the highest common divisor of 185 and c?
37
Let t(r) = 2*r**2 + 20*r + 18. Let j be t(-12). What is the greatest common divisor of j and 24?
6
Let i(b) = -4 + 2 + 2*b - b**2 + 2*b**2. Let s be i(-4). Suppose 5*z + 388 - 433 = 0. What is the greatest common divisor of s and z?
3
Suppose 3*g - 4*j = 10 + 5, -5*j - 5 = -g. Let d(b) = 3*b - 1. Let c be d(g). Calculate the greatest common factor of c and 56.
14
Suppose 37*c - 23*c - 1050 = 0. What is the highest common divisor of c and 225?
75
Let k(y) = -y**3 + 8*y**2 - y + 13. Let b be k(6). Let r = -76 + b. What is the greatest common factor of r and 27?
3
Suppose 4*v + v = -2*f, -5*f - 3*v = 0. Suppose -q + 2*q - 84 = f. Let c = 54 + -26. What is the highest common factor of q and c?
28
Let h = 0 - -14. Let u = h + -24. Let a = 2 - u. Calculate the greatest common factor of 96 and a.
12
Let m(f) = -f**2 - 8*f + 24. Let u = -37 - -27. Let s be m(u). What is the highest common factor of s and 12?
4
Suppose 116 = 22*v - 588. Let m = 213 + -149. What is the greatest common factor of m and v?
32
Suppose -q = -6*q + 85. Let v be (63/(-12))/((-3)/(-48)). Let j = 1 - v. What is the highest common divisor of j and q?
17
Suppose 3*a = -4*n - 2*a + 987, 2*a - 1002 = -4*n. Calculate the greatest common factor of n and 33.
11
Let w(z) = 19*z - 6*z**2 + 98 - 105 + z**2 + z**3. Let o be w(5). What is the highest common divisor of o and 24?
8
Let p be (-5 + 93/24)/((-42)/224). Let k be 1/4 - (-31)/4. What is the greatest common divisor of p and k?
2
Let z be ((-36)/(-21))/((-34)/(-119)). What is the greatest common factor of 15 and z?
3
Suppose 0 = 2*p - 31*p + 29928. Calculate the highest common divisor of 86 and p.
86
Let t = 51 - 51. Let m be 3 - -2 - (t - 24). Calculate the greatest common divisor of m and 145.
29
Let x = 7409 + -7401. Let s be (-351)/(-4) + 1/4. What is the greatest common divisor of s and x?
8
Suppose -2*t + 32 = -4*t. Let z = t - -24. Suppose 0 = -2*x - 2*x + 160. What is the greatest common divisor of x and z?
8
Let v(a) = 7*a - 10. Let u(m) = 8*m - 9. Let t(s) = 6*u(s) - 7*v(s). Let f be t(15). Let i be 65 - (3 - f/1). What is the greatest common factor of 9 and i?
9
Suppose -13*c + 4*c + 27 = 0. Suppose 2*s = 5*a - 22, c*a - 5*s - 17 = -0*a. What is the highest common factor of 52 and a?
4
Suppose -13*r + 14*r = -3*h + 125, 4*r + 4*h = 468. Calculate the greatest common factor of 3616 and r.
113
Let v(l) = l**3 + 6*l**2 - 6*l - 9. Let f(d) = 4*d + 6. Let z be f(-3). Let g be v(z). Calculate the greatest common factor of 216 and g.
27
Suppose -d + 54 = 6. Suppose -43 = -3*x + 2*x. Suppose 3*m + 7 = x. What is the highest common divisor of m and d?
12
Let f(t) = 3*t**2 - 6*t - 9. Let y be (3/2)/(15/(-40)). Let k be 11/2 - 2/y. Let d be f(k). Calculate the highest common factor of d and 21.
21
Suppose j + 14*j = 6960. What is the highest common divisor of 16 and j?
16
Let r(v) = 4*v - 6. Let h be r(6). Let x = 3820 + -3622. Calculate the highest common divisor of h and x.
18
Let m be -10*((-20)/(-8) + -3). Suppose -3*q - m - 1 = 0. Let c be 3/q*36/(-6). Calculate the greatest common divisor of 45 and c.
9
Let g be 24/2 - (-5 - 20/(-5)). Suppose -59 + g = -2*o. Calculate the highest common factor of 161 and o.
23
Let p(k) = 17*k - 252. Let o be p(15). Let b(j) = j**2 - 3*j - 7. Let d be b(5). Suppose 4*m + d = 15. Calculate the greatest common factor of m and o.
3
Let q(a) = a**3 - 5. Let i be q(-3). Let w = i + 45. Calculate the greatest common divisor of w and 26.
13
Suppose -4*u + 637 - 541 = 0. What is the highest common divisor of u and 64?
8
Let d = 59 + -3. Suppose -10*r = -63 + 13. Suppose 0 = -3*n + 12, -4*k - r*n + 40 = -2*n. Calculate the greatest common factor of d and k.
7
Let u = -2 - -9. Let d = -536 - -564. Suppose -u*l + 11*l - d = 0. What is the highest common divisor of 35 and l?
7
Suppose -1331 + 768 = -30*d + 997. Let w be (-2)/((-2)/4*1). What is the highest common factor of d and w?
4
Let k = -33 + 86. Suppose -2*r = -8, z = 6*z - 3*r - k. Let b be 1*-1 - (-13 - 14). What is the greatest common factor of z and b?
13
Let t be 1/(172/(-44) + 4). Suppose -5*v + t*v - 78 = 0. What is the greatest common divisor of v and 65?
13
Let s = 41 + -35. Suppose -8*q = 12*q - 600. What is the greatest common factor of q and s?
6
Let y(a) = 2*a**2 + 31*a - 9. Let z be y(-18). Suppose m + 11 = z. Calculate the greatest common factor of 10 and m.
10
Suppose -10 = -i - 3*h + 13, -4*h + 20 = 0. Let f be (1 - -11)*2/3. Calculate the greatest common factor of i and f.
8
Let h(n) = -15*n - 7. Let j(y) = y. Let b(v) = h(v) + 2*j(v). Let d be b(-4). Suppose -8*g + 18 = -6*g. Calculate the greatest common factor of g and d.
9
Let r be 1*-5*(-10 - 0). Let k(f) = 1344*f + 1364. Let l be k(-1). What is the greatest common factor of r and l?
10
Suppose 6*a + 219 = 1173. Calculate the highest common factor of a and 106.
53
Suppose -10*w - 5*g + 754 = -9*w, 1468 = 2*w + 2*g. Calculate the highest common divisor of w and 9.
9
Let c = -236 - -250. What is the greatest common factor of c and 112?
14
Let u be -3 - (-5)/((-20)/4496). Let g = u - -1855. Suppose 4*n - 3*r = g - 121, -5*r + 477 = 3*n. What is the greatest common divisor of 22 and n?
22
Suppose -2*m = 0, -5*a - 109 = 4*m - 19. Let r be -3*2*3/a. Calculate the highest common divisor of r and 8.
1
Let h = -3 + 7. Let f be (-55)/((-3)/(4 + 2)). Suppose h*r - f = -r. Calculate the greatest common factor of r and 11.
11
Let l = -58 + 48. Let u be (2 + (-7)/2)*l. What is the highest common divisor of 60 and u?
15
Let d be (-3 + -3 - -2)*-76. What is the highest common factor of 19 and d?
19
Let x be (1 - -2 - 1) + 0. Let u = 16 + x. Let n = u - 1. What is the greatest common factor of n and 136?
17
Let z = -65 - -99. Suppose -4*g = z + 82. Let o be g/(-8) + 45/120. Calculate the highest common factor of 16 and o.
4
Let c = 1414 - 1370. Let k be (1/(-1))/((-2)/22). What is the greatest common divisor of k and c?
11
Suppose -3*l - 6 = 3*p - 45, -l + 4*p = 12. Let o = 79 + -39. What is the highest common factor of l and o?
8
Let i = -42 + 47. Let l(d) = -d**3 + 4*d**2 + 7*d + 11. Let j be l(i). What is the highest